{"version":"1.0","provider_name":"Restaurant Ca L&#039;Estevet","provider_url":"https:\/\/www.restaurantestevet.com\/ko\/","title":"Festa Major del Raval 2017. - Restaurant Ca L&#039;Estevet","type":"rich","width":600,"height":338,"html":"<blockquote class=\"wp-embedded-content\" data-secret=\"tHJ7Tu6IKN\"><a href=\"https:\/\/www.restaurantestevet.com\/ko\/festa-major-del-raval-2017\/\">Festa Major del Raval 2017.<\/a><\/blockquote><iframe sandbox=\"allow-scripts\" security=\"restricted\" src=\"https:\/\/www.restaurantestevet.com\/ko\/festa-major-del-raval-2017\/embed\/#?secret=tHJ7Tu6IKN\" width=\"600\" height=\"338\" title=\"&#8220;Festa Major del Raval 2017.&#8221; &#8212; Restaurant Ca L&#039;Estevet\" data-secret=\"tHJ7Tu6IKN\" frameborder=\"0\" marginwidth=\"0\" marginheight=\"0\" scrolling=\"no\" class=\"wp-embedded-content\"><\/iframe><script type=\"text\/javascript\">\n\/* <![CDATA[ *\/\n\/*! This file is auto-generated *\/\n!function(d,l){\"use strict\";l.querySelector&&d.addEventListener&&\"undefined\"!=typeof URL&&(d.wp=d.wp||{},d.wp.receiveEmbedMessage||(d.wp.receiveEmbedMessage=function(e){var t=e.data;if((t||t.secret||t.message||t.value)&&!\/[^a-zA-Z0-9]\/.test(t.secret)){for(var s,r,n,a=l.querySelectorAll('iframe[data-secret=\"'+t.secret+'\"]'),o=l.querySelectorAll('blockquote[data-secret=\"'+t.secret+'\"]'),c=new RegExp(\"^https?:$\",\"i\"),i=0;i<o.length;i++)o[i].style.display=\"none\";for(i=0;i<a.length;i++)s=a[i],e.source===s.contentWindow&&(s.removeAttribute(\"style\"),\"height\"===t.message?(1e3<(r=parseInt(t.value,10))?r=1e3:~~r<200&&(r=200),s.height=r):\"link\"===t.message&&(r=new URL(s.getAttribute(\"src\")),n=new URL(t.value),c.test(n.protocol))&&n.host===r.host&&l.activeElement===s&&(d.top.location.href=t.value))}},d.addEventListener(\"message\",d.wp.receiveEmbedMessage,!1),l.addEventListener(\"DOMContentLoaded\",function(){for(var e,t,s=l.querySelectorAll(\"iframe.wp-embedded-content\"),r=0;r<s.length;r++)(t=(e=s[r]).getAttribute(\"data-secret\"))||(t=Math.random().toString(36).substring(2,12),e.src+=\"#?secret=\"+t,e.setAttribute(\"data-secret\",t)),e.contentWindow.postMessage({message:\"ready\",secret:t},\"*\")},!1)))}(window,document);\n\/\/# sourceURL=https:\/\/www.restaurantestevet.com\/wp-includes\/js\/wp-embed.min.js\n\/* ]]> *\/\n<\/script>\n","description":"El Raval ja ho t\u00e9 tot preparat perqu\u00e8 comenci la celebraci\u00f3 m\u00e9s esperada de l\u2019any.\u00a0Del 13 al 16 de juliol un programa farcit d\u2019activitats de tota mena omplir\u00e0 els carrers del barri. La festa comen\u00e7ar\u00e0 el dijous 13 amb el tradicional cercavila de les Societats Corals i el del gegants i capgrossos del Raval que [&hellip;]","thumbnail_url":"https:\/\/www.restaurantestevet.com\/wp-content\/uploads\/2017\/07\/poster-Festa-Major-del-Raval-2017-212x300.jpg"}

El Raval ja ho té tot preparat perquè comenci la celebració més esperada de l’any. Del 13 al 16 de juliol un programa farcit d’activitats de tota mena omplirà els carrers del barri. La festa començarà el dijous 13 amb el tradicional cercavila de les Societats Corals i el del gegants i capgrossos del Raval que [&hellip;]
